{"id":169,"date":"2026-03-10T13:12:11","date_gmt":"2026-03-10T12:12:11","guid":{"rendered":"https:\/\/freisignentwurf.de\/gpb\/?page_id=169"},"modified":"2026-03-30T12:33:05","modified_gmt":"2026-03-30T10:33:05","slug":"ueber-uns","status":"publish","type":"page","link":"https:\/\/freisignentwurf.de\/gpb\/ueber-uns\/","title":{"rendered":"\u00dcber uns"},"content":{"rendered":"<div class=\"et_pb_section_0 et_pb_section et_section_regular et_block_section et-pb-has-background-video et_pb_preload\"><span class=\"et-pb-background-video\"><video autoplay loop playsinline muted><source type=\"video\/webm\" src=\"https:\/\/freisignentwurf.de\/gpb\/wp-content\/uploads\/2026\/03\/Ueberuns-video.mp4\" \/><\/video><\/span>\n<div class=\"et_pb_row_0 et_pb_row et_flex_row\">\n<div class=\"et_pb_column_0 et_pb_column et-last-child et_block_column et_pb_css_mix_blend_mode_passthrough et_flex_column_12_24 et_flex_column_12_24_tablet et_flex_column_24_24_phone\">\n<div class=\"et_pb_text_0 et_pb_text et_pb_bg_layout_light et_pb_module et_flex_module\"><div class=\"et_pb_text_inner\"><h1>\u00dcber uns<\/h1>\n<\/div><\/div>\n<\/div>\n<\/div>\n<\/div>\n\n<div class=\"et_pb_section_1 et_pb_section et_section_regular et_flex_section\">\n<div class=\"et_pb_row_1 et_pb_row et_flex_row\">\n<div class=\"et_pb_column_1 et_pb_column et_flex_column et_pb_css_mix_blend_mode_passthrough et_flex_column_12_24 et_flex_column_12_24_tablet et_flex_column_24_24_phone\">\n<div class=\"et_pb_text_1 et_pb_text et_pb_bg_layout_light et_pb_module et_flex_module\"><div class=\"et_pb_text_inner\"><h1>Wohnen mit Vision<\/h1>\n<\/div><\/div>\n\n<div class=\"et_pb_text_2 et_pb_text et_pb_bg_layout_light et_pb_module et_flex_module\"><div class=\"et_pb_text_inner\"><p><strong><em>Weil Nachhaltigkeit nicht nur ein Trend ist.\u00a0<\/em><\/strong><\/p>\n<\/div><\/div>\n<\/div>\n\n<div class=\"et_pb_column_2 et_pb_column et-last-child et_flex_column et_pb_css_mix_blend_mode_passthrough et_flex_column_12_24 et_flex_column_12_24_tablet et_flex_column_24_24_phone\">\n<div class=\"et_pb_text_3 et_pb_text et_pb_bg_layout_light et_pb_module et_flex_module\"><div class=\"et_pb_text_inner\"><p>Die Nachfrage nach Wohnraum w\u00e4chst auch in der Grafschaft Bentheim. Gleichzeitig steigt das Bewusstsein f\u00fcr nachhaltiges Bauen und energieeffizientes Wohnen. Genau hier setzt Grafschafter Projektbau an.<\/p>\n<p>Als regional verwurzelter Investor sehen wir unsere Verantwortung darin, modernen Wohnraum zu schaffen, der sowohl den heutigen Anforderungen als auch den Bed\u00fcrfnissen zuk\u00fcnftiger Generationen gerecht wird. Nachhaltige Baukonzepte, durchdachte Architektur und eine langfristige Perspektive stehen dabei im Mittelpunkt jeder Projektentwicklung.<\/p>\n<p>Investitionen in nachhaltiges Wohnen ist f\u00fcr uns daher nicht nur eine wirtschaftliche Entscheidung, sondern ein Beitrag zur positiven Entwicklung der Region.<\/p>\n<\/div><\/div>\n<\/div>\n<\/div>\n<\/div>\n\n<div class=\"et_pb_section_2 et_pb_section et_section_regular et_flex_section\">\n<div class=\"et_pb_row_2 et_pb_row et_flex_row\">\n<div class=\"et_pb_column_3 et_pb_column et_flex_column et_pb_css_mix_blend_mode_passthrough et_flex_column_12_24 et_flex_column_12_24_tablet et_flex_column_24_24_phone\">\n<div class=\"et_pb_text_4 et_pb_text et_pb_bg_layout_light et_pb_module et_flex_module\"><div class=\"et_pb_text_inner\"><h1>Mit Partnern auf Augenh\u00f6he<\/h1>\n<\/div><\/div>\n\n<div class=\"et_pb_text_5 et_pb_text et_pb_bg_layout_light et_pb_module et_flex_module\"><div class=\"et_pb_text_inner\"><p><em><strong>Denn vertrauensvolle Zusammenarbeit z\u00e4hlt.<\/strong><\/em><\/p>\n<\/div><\/div>\n<\/div>\n\n<div class=\"et_pb_column_4 et_pb_column et-last-child et_flex_column et_pb_css_mix_blend_mode_passthrough et_flex_column_12_24 et_flex_column_12_24_tablet et_flex_column_24_24_phone\">\n<div class=\"et_pb_text_6 et_pb_text et_pb_bg_layout_light et_pb_module et_flex_module\"><div class=\"et_pb_text_inner\"><p>Aus Erfahrung wissen wir, dass erfolgreiche Bauprojekte immer das Ergebnis guter Zusammenarbeit sind. Deshalb arbeiten wir eng mit erfahrenen und zuverl\u00e4ssigen Partnern aus verschiedenen Bereichen zusammen, von der Planung \u00fcber die Bauausf\u00fchrung bis hin zu spezialisierten Fachgewerken. Unser Partner-Bauunternehmen ist <a href=\"https:\/\/pas-bau.de\/\" target=\"_blank\" rel=\"noopener\"><strong>PAS Bau.<\/strong><\/a><\/p>\n<p>Durch diese partnerschaftliche Zusammenarbeit b\u00fcndeln wir Kompetenzen, Erfahrungen und Perspektiven. So stellen wir sicher, dass jedes Projekt professionell geplant, effizient umgesetzt und qualitativ hochwertig realisiert wird.<\/p>\n<\/div><\/div>\n<\/div>\n<\/div>\n\n<div class=\"et_pb_row_3 et_pb_row et_flex_row\">\n<div class=\"et_pb_column_5 et_pb_column et_flex_column et_pb_css_mix_blend_mode_passthrough et_flex_column_1_5 et_flex_column_12_24_tablet et_flex_column_24_24_phone\">\n<div class=\"et_pb_text_7 et_pb_text et_pb_bg_layout_light et_pb_module et_flex_module\"><div class=\"et_pb_text_inner\"><h6>Regionale Projektentwicklung<\/h6>\n<\/div><\/div>\n<\/div>\n\n<div class=\"et_pb_column_6 et_pb_column et_flex_column et_pb_css_mix_blend_mode_passthrough et_flex_column_1_5 et_flex_column_12_24_tablet et_flex_column_24_24_phone\">\n<div class=\"et_pb_text_8 et_pb_text et_pb_bg_layout_light et_pb_module et_flex_module\"><div class=\"et_pb_text_inner\"><h6>Nachhaltige Baukonzepte<\/h6>\n<\/div><\/div>\n<\/div>\n\n<div class=\"et_pb_column_7 et_pb_column et_flex_column et_pb_css_mix_blend_mode_passthrough et_flex_column_1_5 et_flex_column_12_24_tablet et_flex_column_24_24_phone\">\n<div class=\"et_pb_text_9 et_pb_text et_pb_bg_layout_light et_pb_module et_flex_module\"><div class=\"et_pb_text_inner\"><h6>Starke Partnerschaften<\/h6>\n<\/div><\/div>\n<\/div>\n\n<div class=\"et_pb_column_8 et_pb_column et_flex_column et_pb_css_mix_blend_mode_passthrough et_flex_column_1_5 et_flex_column_12_24_tablet et_flex_column_24_24_phone\">\n<div class=\"et_pb_text_10 et_pb_text et_pb_bg_layout_light et_pb_module et_flex_module\"><div class=\"et_pb_text_inner\"><h6>Langfristige Perspektive<\/h6>\n<\/div><\/div>\n<\/div>\n\n<div class=\"et_pb_column_9 et_pb_column et-last-child et_flex_column et_pb_css_mix_blend_mode_passthrough et_flex_column_1_5 et_flex_column_12_24_tablet et_flex_column_24_24_phone\">\n<div class=\"et_pb_text_11 et_pb_text et_pb_bg_layout_light et_pb_module et_flex_module\"><div class=\"et_pb_text_inner\"><h6>Smarte Investitionen<\/h6>\n<\/div><\/div>\n<\/div>\n<\/div>\n\n<div class=\"et_pb_row_4 et_pb_row et_flex_row\">\n<div class=\"et_pb_column_10 et_pb_column et-last-child et_flex_column et_pb_css_mix_blend_mode_passthrough et_flex_column_24_24 et_flex_column_24_24_tablet et_flex_column_24_24_phone\">\n<div class=\"et_pb_gallery_0 et_pb_gallery et_pb_bg_layout_light et_pb_gallery_grid et_pb_module\" data-auto-rotate=\"off\" data-auto-rotate-speed=\"\"><div class=\"et_pb_gallery_items et_post_gallery clearfix et_grid_module\" data-per_page=\"5\"><div class=\"et_pb_gallery_item et_pb_grid_item et_pb_gallery_item_0_0\"><div class=\"et_pb_gallery_image portrait\" data-per_page=\"5\"><a href=\"https:\/\/freisignentwurf.de\/gpb\/wp-content\/uploads\/2026\/03\/Stolze-IIII-v5.jpg\" title=\"Stolze-IIII-v5\"><img loading=\"lazy\" decoding=\"async\" width=\"400\" height=\"516\" src=\"https:\/\/freisignentwurf.de\/gpb\/wp-content\/uploads\/2026\/03\/Stolze-IIII-v5-400x516.jpg\" alt=\"\" class=\"wp-image-181\" srcset=\"https:\/\/freisignentwurf.de\/gpb\/wp-content\/uploads\/2026\/03\/Stolze-IIII-v5.jpg 479w, https:\/\/freisignentwurf.de\/gpb\/wp-content\/uploads\/2026\/03\/Stolze-IIII-v5-400x516.jpg 480w\" sizes=\"(max-width:479px) 479px, 100vw\" \/><span class=\"et_overlay\" data-icon=\"\" data-icon-tablet=\"\" data-icon-phone=\"\"><\/span><\/a><\/div><\/div><div class=\"et_pb_gallery_item et_pb_grid_item et_pb_gallery_item_0_1\"><div class=\"et_pb_gallery_image portrait\" data-per_page=\"5\"><a href=\"https:\/\/freisignentwurf.de\/gpb\/wp-content\/uploads\/2026\/03\/Stolze-IIII-v7.jpg\" title=\"Stolze-IIII-v7\"><img loading=\"lazy\" decoding=\"async\" width=\"400\" height=\"516\" src=\"https:\/\/freisignentwurf.de\/gpb\/wp-content\/uploads\/2026\/03\/Stolze-IIII-v7-400x516.jpg\" alt=\"\" class=\"wp-image-183\" srcset=\"https:\/\/freisignentwurf.de\/gpb\/wp-content\/uploads\/2026\/03\/Stolze-IIII-v7.jpg 479w, https:\/\/freisignentwurf.de\/gpb\/wp-content\/uploads\/2026\/03\/Stolze-IIII-v7-400x516.jpg 480w\" sizes=\"(max-width:479px) 479px, 100vw\" \/><span class=\"et_overlay\" data-icon=\"\" data-icon-tablet=\"\" data-icon-phone=\"\"><\/span><\/a><\/div><\/div><div class=\"et_pb_gallery_item et_pb_grid_item et_pb_gallery_item_0_2\"><div class=\"et_pb_gallery_image portrait\" data-per_page=\"5\"><a href=\"https:\/\/freisignentwurf.de\/gpb\/wp-content\/uploads\/2026\/03\/Stolze-IIII-v6.jpg\" title=\"Stolze-IIII-v6\"><img loading=\"lazy\" decoding=\"async\" width=\"400\" height=\"516\" src=\"https:\/\/freisignentwurf.de\/gpb\/wp-content\/uploads\/2026\/03\/Stolze-IIII-v6-400x516.jpg\" alt=\"\" class=\"wp-image-182\" srcset=\"https:\/\/freisignentwurf.de\/gpb\/wp-content\/uploads\/2026\/03\/Stolze-IIII-v6.jpg 479w, https:\/\/freisignentwurf.de\/gpb\/wp-content\/uploads\/2026\/03\/Stolze-IIII-v6-400x516.jpg 480w\" sizes=\"(max-width:479px) 479px, 100vw\" \/><span class=\"et_overlay\" data-icon=\"\" data-icon-tablet=\"\" data-icon-phone=\"\"><\/span><\/a><\/div><\/div><div class=\"et_pb_gallery_item et_pb_grid_item et_pb_gallery_item_0_3\"><div class=\"et_pb_gallery_image portrait\" data-per_page=\"5\"><a href=\"https:\/\/freisignentwurf.de\/gpb\/wp-content\/uploads\/2026\/03\/Stolze-IIII-v8.jpg\" title=\"Stolze-IIII-v8\"><img loading=\"lazy\" decoding=\"async\" width=\"400\" height=\"516\" src=\"https:\/\/freisignentwurf.de\/gpb\/wp-content\/uploads\/2026\/03\/Stolze-IIII-v8-400x516.jpg\" alt=\"\" class=\"wp-image-184\" srcset=\"https:\/\/freisignentwurf.de\/gpb\/wp-content\/uploads\/2026\/03\/Stolze-IIII-v8.jpg 479w, https:\/\/freisignentwurf.de\/gpb\/wp-content\/uploads\/2026\/03\/Stolze-IIII-v8-400x516.jpg 480w\" sizes=\"(max-width:479px) 479px, 100vw\" \/><span class=\"et_overlay\" data-icon=\"\" data-icon-tablet=\"\" data-icon-phone=\"\"><\/span><\/a><\/div><\/div><div class=\"et_pb_gallery_item et_pb_grid_item et_pb_gallery_item_0_4\"><div class=\"et_pb_gallery_image portrait\" data-per_page=\"5\"><a href=\"https:\/\/freisignentwurf.de\/gpb\/wp-content\/uploads\/2026\/03\/Stolze-IIII-v4.jpg\" title=\"Stolze-IIII-v4\"><img loading=\"lazy\" decoding=\"async\" width=\"400\" height=\"516\" src=\"https:\/\/freisignentwurf.de\/gpb\/wp-content\/uploads\/2026\/03\/Stolze-IIII-v4-400x516.jpg\" alt=\"\" class=\"wp-image-180\" srcset=\"https:\/\/freisignentwurf.de\/gpb\/wp-content\/uploads\/2026\/03\/Stolze-IIII-v4.jpg 479w, https:\/\/freisignentwurf.de\/gpb\/wp-content\/uploads\/2026\/03\/Stolze-IIII-v4-400x516.jpg 480w\" sizes=\"(max-width:479px) 479px, 100vw\" \/><span class=\"et_overlay\" data-icon=\"\" data-icon-tablet=\"\" data-icon-phone=\"\"><\/span><\/a><\/div><\/div><\/div><\/div>\n<\/div>\n<\/div>\n<\/div>\n\n<div class=\"et_pb_section_3 et_pb_section et_section_regular et_flex_section\">\n<div class=\"et_pb_row_5 et_pb_row et_pb_gutters2 et_block_row\">\n<div class=\"et_pb_column_11 et_pb_column et_pb_column_1_2 et_flex_column et_pb_css_mix_blend_mode_passthrough\">\n<div class=\"et_pb_text_12 et_pb_text et_pb_bg_layout_light et_pb_module et_grid_module\"><div class=\"et_pb_text_inner\"><h1>Team<\/h1>\n<\/div><\/div>\n\n<div class=\"et_pb_text_13 et_pb_text et_pb_bg_layout_light et_pb_module et_flex_module\"><div class=\"et_pb_text_inner\"><p><em>Wir blicken nicht aus der Ferne auf die Region Grafschaft Bentheim. Wir sind hier beheimatet, kennen die Menschen, die Orte und die Entwicklungen. Genau diese N\u00e4he zur Region pr\u00e4gt unser Denken und Handeln.<\/em><o:p><\/o:p><\/p>\n<p data-start=\"218\" data-end=\"590\" data-is-last-node=\"\" data-is-only-node=\"\"><em>Als regional verwurzeltes Unternehmen ist es unser Anspruch, Bauprojekte zu entwickeln, die zur Umgebung passen und einen echten Mehrwert schaffen. Wir investieren dort, wo wir selbst leben und arbeiten, um die <span class=\"whitespace-normal\">Grafschaft Bentheim<\/span> auch f\u00fcr kommende Generationen als attraktiven Lebensraum weiterzuentwickeln.<\/em> <o:p><\/o:p><\/p>\n<\/div><\/div>\n<\/div>\n\n<div class=\"et_pb_column_12 et_pb_column et_pb_column_1_2 et-last-child et_flex_column et_pb_css_mix_blend_mode_passthrough\">\n<div class=\"et_pb_row_6 et_pb_row et_pb_gutters2 et_pb_row_nested et_block_row\">\n<div class=\"et_pb_column_13 et_pb_column et_pb_column_1_2 et_block_column et_pb_css_mix_blend_mode_passthrough\">\n<div class=\"et_pb_image_0 et_pb_image et_pb_module et_flex_module\"><span class=\"et_pb_image_wrap\"><img loading=\"lazy\" decoding=\"async\" src=\"https:\/\/freisignentwurf.de\/gpb\/wp-content\/uploads\/2026\/03\/michael-pas-v2.jpg\" title=\"michael-pas-v2\" width=\"750\" height=\"750\" srcset=\"https:\/\/freisignentwurf.de\/gpb\/wp-content\/uploads\/2026\/03\/michael-pas-v2.jpg 750w, https:\/\/freisignentwurf.de\/gpb\/wp-content\/uploads\/2026\/03\/michael-pas-v2-480x480.jpg 480w\" sizes=\"(min-width: 0px) and (max-width: 480px) 480px, (min-width: 481px) 750px, 100vw\" class=\"wp-image-316\" \/><\/span><\/div>\n\n<div class=\"et_pb_text_14 et_pb_text et_pb_bg_layout_light et_pb_module et_flex_module\"><div class=\"et_pb_text_inner\"><h5 style=\"text-align: center;\">Michael Pas<\/h5>\n<h6 style=\"text-align: center;\">Gesch\u00e4ftsf\u00fchrer<\/h6>\n<\/div><\/div>\n<\/div>\n\n<div class=\"et_pb_column_14 et_pb_column et_pb_column_1_2 et-last-child et_block_column et_pb_css_mix_blend_mode_passthrough\">\n<div class=\"et_pb_image_1 et_pb_image et_pb_module et_flex_module\"><span class=\"et_pb_image_wrap\"><img loading=\"lazy\" decoding=\"async\" src=\"https:\/\/freisignentwurf.de\/gpb\/wp-content\/uploads\/2026\/03\/christian-pas-v2.jpg\" title=\"christian-pas-v2\" width=\"750\" height=\"750\" srcset=\"https:\/\/freisignentwurf.de\/gpb\/wp-content\/uploads\/2026\/03\/christian-pas-v2.jpg 750w, https:\/\/freisignentwurf.de\/gpb\/wp-content\/uploads\/2026\/03\/christian-pas-v2-480x480.jpg 480w\" sizes=\"(min-width: 0px) and (max-width: 480px) 480px, (min-width: 481px) 750px, 100vw\" class=\"wp-image-315\" \/><\/span><\/div>\n\n<div class=\"et_pb_text_15 et_pb_text et_pb_bg_layout_light et_pb_module et_flex_module\"><div class=\"et_pb_text_inner\"><h5 style=\"text-align: center;\">Christian Pas<\/h5>\n<h6 style=\"text-align: center;\">Gesch\u00e4ftsf\u00fchrer<\/h6>\n<\/div><\/div>\n<\/div>\n<\/div>\n<\/div>\n<\/div>\n<\/div>","protected":false},"excerpt":{"rendered":"","protected":false},"author":1,"featured_media":0,"parent":0,"menu_order":0,"comment_status":"closed","ping_status":"closed","template":"","meta":{"footnotes":""},"class_list":["post-169","page","type-page","status-publish","hentry"],"_links":{"self":[{"href":"https:\/\/freisignentwurf.de\/gpb\/wp-json\/wp\/v2\/pages\/169","targetHints":{"allow":["GET"]}}],"collection":[{"href":"https:\/\/freisignentwurf.de\/gpb\/wp-json\/wp\/v2\/pages"}],"about":[{"href":"https:\/\/freisignentwurf.de\/gpb\/wp-json\/wp\/v2\/types\/page"}],"author":[{"embeddable":true,"href":"https:\/\/freisignentwurf.de\/gpb\/wp-json\/wp\/v2\/users\/1"}],"replies":[{"embeddable":true,"href":"https:\/\/freisignentwurf.de\/gpb\/wp-json\/wp\/v2\/comments?post=169"}],"version-history":[{"count":10,"href":"https:\/\/freisignentwurf.de\/gpb\/wp-json\/wp\/v2\/pages\/169\/revisions"}],"predecessor-version":[{"id":317,"href":"https:\/\/freisignentwurf.de\/gpb\/wp-json\/wp\/v2\/pages\/169\/revisions\/317"}],"wp:attachment":[{"href":"https:\/\/freisignentwurf.de\/gpb\/wp-json\/wp\/v2\/media?parent=169"}],"curies":[{"name":"wp","href":"https:\/\/api.w.org\/{rel}","templated":true}]}}